he highest common factor of a and q?
21
Let p = 16084 + -16076. Let t = 6 + -7. Let o be t/(-1) - 11*-1. Calculate the greatest common factor of o and p.
4
Let v be (-93 - -43)/(3/(-3)). Suppose 2*c - 16*o = -13*o + 26, -3*c - o + v = 0. What is the greatest common factor of 200 and c?
8
Let d = -57 - -66. Suppose w + 3*j - j = d, -27 = -4*w - 5*j. Let u be -3 + (1 + 152)/w. Calculate the highest common divisor of u and 3.
3
Let y(x) = 88*x + 18. Let p be y(5). Let k = 480 - p. What is the highest common factor of 858 and k?
22
Let k be ((9 - 576/45) + 3)*4970/(-2). Calculate the highest common factor of k and 1136.
284
Let o = 187 - 198. Let s be 3*-2*(o/2 - -4). Calculate the greatest common divisor of s and 3.
3
Suppose 18*r - 17*r - 4*y + 155 = 0, -6 = 3*y. Let c = r + 275. What is the greatest common divisor of c and 24?
8
Let b(d) = -d**2 + 17*d - 12. Let k = 54 + -64. Let n be k/(-45) + (-532)/(-36). Let o be b(n). What is the greatest common divisor of 72 and o?
18
Suppose 54 = 2*w - 58. Suppose 12 = 5*x - 8, -4*m + w = 4*x. Suppose -2*y + m = -0, -3*k + 5*y + 32 = 0. Calculate the greatest common factor of 19 and k.
19
Suppose 5*u + 10862 - 33955 = -2*y, 4*y = -4*u + 18472. Calculate the highest common factor of u and 31.
31
Suppose 4*n - 228 = 2*n. Let d = 119 + -574. Let w = d - -493. Calculate the highest common factor of n and w.
38
Let u be (12/(-5))/(1264/(-140) + 9). Let m be (12/(-42))/((-8)/u). Let j = -6 - -8. Calculate the highest common divisor of m and j.
1
Suppose -z = 4*k - 2, 10 = 2*k + z + 4*z. Suppose 4*a = -k + 20. Suppose 7 = -3*x - a*f, 2*x - 3*f = -0*x + 8. Calculate the highest common factor of x and 7.
1
Suppose 3*q + 1865*k = 1866*k + 1486, 5*k + 20 = 0. Calculate the greatest common factor of q and 2052.
38
Let m = 471 + -459. Suppose 0 = -m*d - 73 + 1081. What is the greatest common divisor of d and 140?
28
Let k(o) = -5 - 44*o - 26 - 32 - 8 - 5. Let l be k(-3). Let i = 16 - 8. What is the greatest common divisor of i and l?
8
Let q be (2 - -40)/(1*5/(-15)). Let k be (240/(-28))/(27/q). What is the highest common factor of k and 100?
20
Let q = -1250 + 1252. Calculate the highest common factor of 866 and q.
2
Suppose -3*k = -3*y + 528, 2*k = 40*y - 42*y + 368. What is the greatest common factor of 300 and y?
60
Suppose 2*s - 6*d = -11*d + 2256, 4*d = 3*s - 3338. What is the greatest common divisor of s and 1376?
86
Suppose 35 = t + v, -270 = -5*t + 4*v - 59. Let b = t + 1. What is the greatest common divisor of 10 and b?
10
Let c be (-19164)/(-22) + (-184)/2024. Calculate the greatest common divisor of c and 52.
13
Let r(j) = -14*j**2 - 7*j - 14. Let m be r(-2). Let f = m - -117. What is the highest common factor of f and 793?
61
Let z be (2/3)/(4/114). Suppose -4*d + 3*g + 903 = 0, -2*g = -295*d + 296*d - 234. What is the greatest common divisor of d and z?
19
Let k(s) = -s**3 - 18*s**2 - 67*s - 525. Let l be k(-16). Suppose -4*t - t - 1800 = -4*p, -451 = -p + t. Calculate the highest common divisor of l and p.
35
Let y be 1/(2/92) + (6 - 6). Let v(u) = -26*u - 15. Let l be v(-5). What is the greatest common factor of y and l?
23
Let y(t) = -19*t**3 + 1. Let o be y(-1). Let u(l) = 3*l**3 - 360*l**2 - 5*l + 940. Let i be u(120). Calculate the highest common factor of i and o.
20
Let i be (-40608)/(-99) + (-3)/(-33)*-2. Let d(z) = 19*z + 12. Let v be d(8). What is the greatest common factor of v and i?
82
Suppose -16*i + 10*i = -6. Let s(c) = 49*c - 13. Let h be s(i). What is the highest common factor of 120 and h?
12
Let l(w) = -3*w**3 - 122*w**2 + 168*w + 50. Let p be l(-42). Calculate the highest common divisor of p and 370.
10
Suppose 5*v - 124 - 31 = 0. Let p be (-4)/(-14) + -185*205/(-175). Calculate the greatest common factor of v and p.
31
Let b = 23 - 19. Suppose o - 5*q = 38, -3*o = -o + b*q - 62. Calculate the greatest common factor of o and 11.
11
Suppose 60*c - 222964 - 42193 = 143083. Calculate the greatest common divisor of c and 28.
28
Let w = 15 + -15. Suppose -f + 17 - 49 = w. Let s = 45 + f. What is the highest common factor of s and 117?
13
Let r = -22470 + 22566. Let c be (7 - -1)*(1 + 0). Calculate the greatest common divisor of c and r.
8
Let v be (246 - 1/1) + (85 - -19)/26. What is the greatest common factor of v and 3?
3
Suppose 0 = -91*a + 107*a - 36848. What is the highest common divisor of 49 and a?
49
Suppose -32*m + 856 + 1777 = -823. Calculate the greatest common divisor of 432 and m.
108
Let t = 4 - 4. Suppose t = 13*j - 12*j - 4. Suppose -3*d - i = -0*d - 45, 2*d - j*i - 44 = 0. What is the highest common factor of 16 and d?
16
Let b be (-2)/8 + (-52)/(-16). Let c be (-1)/6 + (-117861)/(-306). Suppose -373 = 4*r - c. What is the highest common divisor of b and r?
3
Let j be (-9)/(5 + -14) - 13. Let d(y) = -y**3 - 10*y**2 - 22*y + 16. Let h be d(j). What is the highest common factor of 71 and h?
71
Let z(k) = -k**3 - 31*k**2 + 27*k - 71. Let c be z(-32). Let x = c - 45. What is the highest common divisor of x and 8?
4
Let o be ((7 - 6)*-1)/((-12)/672). What is the highest common factor of o and 364?
28
Let q = 496 + -483. Let i be 2/q - ((-5604)/78 - 3). What is the greatest common divisor of 30 and i?
15
Let n(t) = 2*t**3 - 9*t**2 - 6*t. Let r be n(7). Let m = 475 - 446. What is the highest common divisor of m and r?
29
Let p(c) = 51*c + 3335. Let u be p(20). Calculate the greatest common divisor of u and 670.
335
Suppose 2*k + 380 = 6*k. Suppose -297 = -5*q + 4*d, 0 = q - 2*d + 7*d - 42. Calculate the highest common divisor of k and q.
19
Suppose -35*f = -19540 - 36460. Suppose -109*t + 114*t = f. What is the highest common factor of 30 and t?
10
Let s be ((-11020)/57)/((-76)/285). Calculate the greatest common divisor of 575 and s.
25
Suppose 2*j - 3*i - 56 = 0, 5*j + 3 - 138 = 5*i. Let t = j + -25. Suppose 4 = -4*u - w + 45, -2*u - w + 23 = t. What is the greatest common divisor of 6 and u?
3
Let u be 4*(-3)/18*-3. Let d be (-138)/(-4) + (-1)/u. Let n be (9 - 721/14)/((-1)/2). What is the greatest common divisor of d and n?
17
Let m(n) = -4*n - 35. Let s be m(-14). Let a(y) = -y**2 + 24*y. Let l be a(s). Calculate the greatest common divisor of l and 7.
7
Let z = -963 - -963. Let p(f) = -f + 15. Let d be p(z). What is the highest common factor of 1185 and d?
15
Let q = 211 + -200. Suppose -72 = 8*n - q*n. Calculate the highest common divisor of 16 and n.
8
Suppose 54 = o + 4*a, -4*o + 227 = 5*a - 0*a. Let d = o + -105. Let s = 54 + d. What is the greatest common factor of 63 and s?
7
Let t be -10 + -11 - (-550)/5. Calculate the highest common divisor of t and 20381.
89
Suppose -14*w + 428881 = 25*w - 10*w. What is the highest common divisor of 23 and w?
23
Suppose 3*c = 3, -c + 6 = -25*h + 20*h. Let t be h/12*-3*-8 - -23. Suppose -1 - 419 = -5*u. Calculate the highest common divisor of u and t.
21
Let l be (-364)/(-40)*(-24)/(-42)*10. Let f be ((-1288)/6)/(l/(-78)). Calculate the highest common divisor of 69 and f.
23
Suppose 3792*n = 3807*n - 585. Calculate the highest common divisor of n and 130.
13
Let m = -46 + 80. Let g(k) = 34 + k - 60 + m. Let d be g(-6). What is the highest common divisor of 1 and d?
1
Suppose -304 = -34*k + 2. Let j(v) = 29*v - 243. Let n be j(k). Calculate the greatest common divisor of 114 and n.
6
Let p = -259 - -540. Let i be p + (5 - 2) + -4. Suppose -2*r + 5*g - 3*g = -46, r = -4*g + 48. Calculate the highest common factor of i and r.
28
Suppose -464*a = -465*a - 2*p + 64, 124 = 2*a + 3*p. Calculate the greatest common divisor of a and 34328.
56
Suppose -67991 = -b - 2*l - 23214, 89590 = 2*b - 5*l. Calculate the highest common divisor of 265 and b.
265
Suppose 4*v + s - 22 = 0, -4*v + 5*s + 36 = 2. Let x be (-42)/((-14)/(-2))*-125. What is the greatest common divisor of x and v?
6
Let n = -61 + 63. Suppose -22*w = -24*w + n. Calculate the highest common factor of w and 25.
1
Suppose -6*p + 4664 = 69*p - 586. What is the highest common divisor of 375 and p?
5
Let g(i) = 22*i - 62. Let u be g(3). Let x be 277 - (-7 - -11) - u/(-2). What is the greatest common divisor of x and 25?
25
Let u(g) = g**3 - 17*g**2 + 8*g - 13. Let t be u(17). What is the greatest common factor of 4551 and t?
123
Let l(t) = -t + 34. Let g be l(16). Suppose 5*v - 